1 is divided by 199.
172
Calculate the remainder when 3426 is divided by 340.
26
Calculate the remainder when 2317 is divided by 568.
45
Calculate the remainder when 7353 is divided by 865.
433
Calculate the remainder when 153865 is divided by 214.
213
What is the remainder when 15361 is divided by 339?
106
Calculate the remainder when 267887 is divided by 79.
77
Calculate the remainder when 556 is divided by 43.
40
Calculate the remainder when 2038 is divided by 1913.
125
Calculate the remainder when 22316 is divided by 7432.
20
What is the remainder when 19601 is divided by 1290?
251
What is the remainder when 148087 is divided by 132?
115
Calculate the remainder when 24499 is divided by 194.
55
What is the remainder when 23126 is divided by 109?
18
What is the remainder when 4305 is divided by 608?
49
Calculate the remainder when 85872 is divided by 35.
17
Calculate the remainder when 2890122 is divided by 24.
18
What is the remainder when 198569 is divided by 44?
41
Calculate the remainder when 57370 is divided by 683.
681
What is the remainder when 3922 is divided by 344?
138
Calculate the remainder when 115416 is divided by 580.
576
Calculate the remainder when 18615 is divided by 9.
3
Calculate the remainder when 1032782 is divided by 362.
358
What is the remainder when 7817 is divided by 310?
67
What is the remainder when 129227 is divided by 328?
323
Calculate the remainder when 3547 is divided by 3260.
287
What is the remainder when 9298 is divided by 239?
216
What is the remainder when 33913 is divided by 13?
9
Calculate the remainder when 10774 is divided by 762.
106
What is the remainder when 1774 is divided by 632?
510
Calculate the remainder when 76510 is divided by 291.
268
What is the remainder when 7460 is divided by 2224?
788
Calculate the remainder when 11853 is divided by 11814.
39
What is the remainder when 13903 is divided by 65?
58
What is the remainder when 260 is divided by 103?
54
Calculate the remainder when 335334 is divided by 20958.
6
Calculate the remainder when 9599 is divided by 4.
3
What is the remainder when 3764428 is divided by 488?
484
Calculate the remainder when 215905 is divided by 26988.
1
Calculate the remainder when 133609 is divided by 15.
4
What is the remainder when 75002 is divided by 688?
10
Calculate the remainder when 4430 is divided by 1224.
758
What is the remainder when 61956 is divided by 61956?
0
Calculate the remainder when 2199 is divided by 67.
55
Calculate the remainder when 144714 is divided by 299.
297
Calculate the remainder when 2256 is divided by 201.
45
Calculate the remainder when 1586 is divided by 753.
80
What is the remainder when 23048 is divided by 311?
34
What is the remainder when 7745 is divided by 2531?
152
What is the remainder when 11031 is divided by 1080?
231
What is the remainder when 2285 is divided by 17?
7
What is the remainder when 178710 is divided by 50?
10
What is the remainder when 448185 is divided by 448184?
1
Calculate the remainder when 85804 is divided by 312.
4
What is the remainder when 208009 is divided by 352?
329
What is the remainder when 34208 is divided by 9?
8
What is the remainder when 11748 is divided by 1231?
669
What is the remainder when 1928 is divided by 13?
4
What is the remainder when 257508 is divided by 2452?
48
Calculate the remainder when 43810 is divided by 1280.
290
What is the remainder when 6526 is divided by 6477?
49
What is the remainder when 100332 is divided by 131?
117
Calculate the remainder when 686954 is divided by 1935.
29
Calculate the remainder when 217989 is divided by 19.
2
What is the remainder when 310043 is divided by 64?
27
Calculate the remainder when 14853 is divided by 116.
5
Calculate the remainder when 7571 is divided by 44.
3
What is the remainder when 6805 is divided by 230?
135
Calculate the remainder when 17959 is divided by 36.
31
Calculate the remainder when 32290 is divided by 367.
361
What is the remainder when 501 is divided by 176?
149
Calculate the remainder when 12998 is divided by 41.
1
Calculate the remainder when 650699 is divided by 13.
10
What is the remainder when 93825 is divided by 257?
20
Calculate the remainder when 1679 is divided by 81.
59
What is the remainder when 5608995 is divided by 317?
314
What is the remainder when 4749 is divided by 297?
294
Calculate the remainder when 9634 is divided by 9620.
14
What is the remainder when 21032 is divided by 6?
2
Calculate the remainder when 10762 is divided by 461.
159
Calculate the remainder when 6318 is divided by 3120.
78
Calculate the remainder when 6789 is divided by 117.
3
Calculate the remainder when 7008 is divided by 278.
58
Calculate the remainder when 378824 is divided by 66.
50
Calculate the remainder when 15835 is divided by 377.
1
What is the remainder when 14461 is divided by 4811?
28
Calculate the remainder when 66137 is divided by 22037.
26
Calculate the remainder when 493077 is divided by 17.
9
Calculate the remainder when 2588 is divided by 2420.
168
Calculate the remainder when 66488 is divided by 540.
68
What is the remainder when 12199 is divided by 34?
27
What is the remainder when 1450 is divided by 310?
210
What is the remainder when 11359 is divided by 11257?
102
Calculate the remainder when 9236 is divided by 66.
62
What is the remainder when 13963 is divided by 110?
103
Calculate the remainder when 15770 is divided by 161.
153
What is the remainder when 912 is divided by 103?
88
What is the remainder when 31858 is divided by 10615?
13
What is the remainder when 2894759 is divided by 2193?
2192
What is the remainder when 19494 is divided by 3888?
54
What is the remainder when 1589 is divided by 428?
305
What is the remainder when 1681 is divided by 351?
277
What is the remainder when 1076 is divided by 467?
142
Calculate the remainder when 80256 is divided by 91.
85
What is the remainder when 1243092 is divided by 25?
17
Calculate the remainder when 1618 is divided by 754.
110
Calculate the remainder when 129721 is divided by 13.
7
Calculate the remainder when 88654 is divided by 36.
22
What is the remainder when 2190 is divided by 277?
251
What is the remainder when 138877 is divided by 28?
25
Calculate the remainder when 20952 is divided by 10453.
46
Calculate the remainder when 14880 is divided by 1485.
30
What is the remainder when 33744 is divided by 46?
26
What is the remainder when 2724 is divided by 23?
10
Calculate the remainder when 709046 is divided by 177259.
10
Calculate the remainder when 6064 is divided by 78.
58
What is the remainder when 1175 is divided by 50?
25
Calculate the remainder when 23905 is divided by 11943.
19
What is the remainder when 40719 is divided by 66?
63
What is the remainder when 7869997 is divided by 359?
358
What is the remainder when 1285 is divided by 365?
190
Calculate the remainder when 200366 is divided by 20.
6
What is the remainder when 712 is divided by 20?
12
Calculate the remainder when 4563 is divided by 75.
63
What is the remainder when 110286 is divided by 101?
95
Calculate the remainder when 13686 is divided by 2178.
618
Calculate the remainder when 265392 is divided by 23.
18
What is the remainder when 32674 is divided by 174?
136
Calculate the remainder when 44317 is divided by 73.
6
Calculate the remainder when 36375 is divided by 43.
40
Calculate the remainder when 2452 is divided by 1210.
32
What is the remainder when 282109 is divided by 309?
301
What is the remainder when 136334 is divided by 45433?
35
Calculate the remainder when 944291 is divided by 27.
20
Calculate the remainder when 1346 is divided by 1302.
44
What is the remainder when 1061 is divided by 207?
26
What is the remainder when 1169 is divided by 481?
207
What is the remainder when 50142 is divided by 12516?
78
Calculate the remainder when 9542 is divided by 4770.
2
What is the remainder when 15764 is divided by 927?
5
Calculate the remainder when 23415 is divided by 262.
97
What is the remainder when 7910 is divided by 72?
62
What is the remainder when 2288 is divided by 93?
56
What is the remainder when 2019 is divided by 156?
147
Calculate the remainder when 4295 is divided by 172.
167
What is the remainder when 6549 is divided by 24?
21
What is the remainder when 25284 is d